 common divisor of i and y.
8
Let y = 23925 + -23918. What is the highest common factor of 321 and y?
1
Suppose x - 286 = -5*n, -5*x = -15 + 10. What is the highest common divisor of 1045 and n?
19
Suppose 56*p - 83*p + 31860 = 0. Calculate the greatest common factor of 220 and p.
20
Suppose -265*n + 114122 + 97113 = -297035. Calculate the greatest common factor of n and 7.
7
Suppose 746 = 2*x + g - 703, 0 = 4*x + 5*g - 2877. What is the highest common factor of 84 and x?
28
Let b = 16 + -14. Let g be (25 - 37)/(b/(-4)). Let s be (11 - 1)/(70/84). Calculate the highest common factor of s and g.
12
Let l(y) = -9*y - 14. Let h be (-3)/18 - 458/(-12). Let m = h - 43. Let r be l(m). What is the greatest common factor of 31 and r?
31
Let j = 21397 - 17227. Calculate the highest common factor of 240 and j.
30
Let l be -1222*(18 - 4935/273). What is the greatest common factor of 12 and l?
2
Let i(d) = d**2 + 1. Suppose -2 = -v - 0*v. Let n be i(v). Suppose -4 + 154 = q + 5*r, n*r = -5*q + 710. What is the highest common divisor of 10 and q?
10
Let i = -165 + 255. Let m = 640 + -570. Calculate the greatest common divisor of i and m.
10
Let x = -99 - -104. Suppose 9 = 8*r - 5*r - 4*k, -x*k = 0. Calculate the greatest common divisor of 42 and r.
3
Let w be ((-66)/(-5))/((-12)/(-400)). Suppose 3*v - v - 64 = 2*x, 5*x - 5 = 0. Let o = v + 7. Calculate the greatest common factor of w and o.
40
Suppose 21*j = 19*j + 108. What is the greatest common divisor of j and 24?
6
Suppose 5*q + g = 33 - 22, 3*g = q + 1. What is the highest common factor of 314 and q?
2
Let j(d) = 1269*d**2 + 14*d + 15. Let u be j(-1). What is the highest common divisor of 50 and u?
10
Let n(h) = -h**3 + 55*h**2 - 50*h + 22. Let m be n(54). What is the greatest common divisor of 224 and m?
14
Let x = 40 - -30. Suppose 5*m + 108 - 392 = -w, 5*w = -4*m + 244. Suppose -28*p = -26*p - m. Calculate the greatest common divisor of x and p.
14
Let x = 1113 - -5385. Calculate the greatest common divisor of x and 228.
114
Let j(v) be the first derivative of -32*v**2 - 4*v + 58. Let o be j(-1). What is the highest common factor of o and 240?
60
Suppose 288 = 15*t - 1543 - 3824. What is the greatest common factor of 551 and t?
29
Suppose -5*d = -3*y + 178, 24 = y - 4*d - 26. Suppose 3*m + 4*w - 783 = 342, 1545 = 5*m - 30*w. Calculate the greatest common factor of y and m.
33
Suppose 4*g + 22 = 2*c, -3*g - g + c - 27 = 0. Let j be (11/(-4))/(g/32) - -4. What is the highest common factor of j and 24?
3
Let w be ((-4)/5 - -2)/(817/(-285) + 3). Calculate the highest common factor of 918 and w.
9
Let z(i) = -i**2 - 78*i + 310. Let p be z(0). What is the greatest common divisor of p and 744?
62
Let p be ((-78)/52)/((-18)/56892). What is the greatest common divisor of 11 and p?
11
Let k be -2 + 26/12 - (-14360)/240. What is the highest common factor of 108 and k?
12
Suppose -2*a + 55 = 9*a. Let p = a - -12. Suppose -124 = -3*n - 5*l, -n = -5*l - p - 51. Calculate the greatest common factor of n and 3.
3
Let n be ((-156)/(-16))/((1470/(-4256))/(-35)). Calculate the greatest common factor of 13 and n.
13
Suppose -85*g + 82*g - 5205 = -2*s, -2*g + 7840 = 3*s. Calculate the highest common divisor of 58 and s.
58
Let l = 75 - 113. Let v = l + 70. Calculate the highest common factor of 16 and v.
16
Let a(c) = 3*c**2 + 108*c - 1284. Let j be a(14). Calculate the greatest common factor of 432 and j.
48
Suppose -5*w + 14*w + 81 = 0. Let c be ((-60)/w)/(4/594). Suppose 15*g = -3*g + c. What is the greatest common divisor of 22 and g?
11
Let c = 84332 - 50663. Suppose -c = 19*r - 46*r. What is the greatest common divisor of r and 43?
43
Let q(z) = -3*z + 629. Let t be q(103). Calculate the greatest common divisor of t and 110.
10
Suppose -5*u = -u - 164. Let j = 41 - u. Suppose 0 = 5*d + v - 170, 2*d - 68 = -j*d + v. Calculate the highest common factor of d and 2.
2
Suppose -173*d + 18576 = -169*d. What is the greatest common factor of 344 and d?
172
Let s = 7508 - 4261. Calculate the greatest common factor of s and 573.
191
Let v(y) = y**2 + 158*y - 9354. Let w be v(46). Let r(t) = -t**2 + 8*t + 3. Let p be r(6). What is the greatest common divisor of p and w?
15
Let a(r) be the second derivative of -r**3/3 + 76*r**2 - 5*r. Let w be a(0). Suppose 5*v - 33 - 7 = 0. What is the highest common divisor of v and w?
8
Let j(a) = -93*a**3. Let m be j(-1). Suppose 4*w + 2*p = -138, 0 = -3*w - 5*p - 0 - m. Let y be 9/w + 39/12. What is the greatest common factor of 2 and y?
1
Let d(m) = -3*m + 13 + 26 + 0 - 18*m. Let r be d(-8). What is the greatest common factor of r and 9?
9
Suppose -115*a + 116*a = -2*r + 180, 0 = -a - 5*r + 171. Calculate the highest common factor of 9238 and a.
62
Suppose -344 = -25*r - 19. Calculate the highest common divisor of 2119 and r.
13
Suppose 50*y - 2184 = 8*y. Suppose -51*w + 53*w = y. Let k be -65*(1/1 - 2). What is the greatest common divisor of w and k?
13
Let y = -150 - 117. Let g be y/(-24) + (-2)/16. Suppose 10*a - g*a = -14. Calculate the highest common divisor of a and 35.
7
Let h(v) = 10*v**2 - 132*v - 3138. Let k be h(-24). Calculate the greatest common divisor of 60 and k.
30
Suppose 5*d + 2*c - 669 = 0, 2*d - 13*c + 11*c - 276 = 0. Let o be 3 + (45/(-5) - 0). Let y be ((-63)/o - -3)*4. What is the highest common factor of y and d?
27
Let o(k) be the second derivative of 0 + 17/3*k**3 + 13/2*k**2 - 36*k. Let m be o(3). Calculate the greatest common divisor of m and 23.
23
Let r be (-1519)/62 - 6/4. Let m(g) = -g**3 - 25*g**2 + 29*g + 86. Let l be m(r). Calculate the highest common factor of 64 and l.
8
Suppose -3*d + 6*d + 1191 = -5*v, -4*v - 945 = 5*d. Let m be (-8)/5*v/32. Suppose -w + 12 = -18. What is the greatest common factor of w and m?
6
Let d = 38 - -80. Let i = 138 - d. What is the highest common divisor of 4 and i?
4
Let z be 3 - (-2*606 + -1). Let n(j) = j**3 + 8*j**2 + j + 229. Let p be n(-10). What is the highest common factor of z and p?
19
Let z = 4058 - 4028. What is the highest common factor of 2520 and z?
30
Let j = 860 + -1470. Let v = j + 729. What is the highest common divisor of 68 and v?
17
Suppose -28*q + 3084 = -2096. Suppose -43*h + q = -2911. Calculate the highest common divisor of h and 81.
9
Let u = -3407 - -3673. Calculate the highest common factor of 126 and u.
14
Let w(g) = -2*g - 4. Let f be w(-6). Let v(m) = m**3 + m**2 + m - 236. Let c be v(0). Let y = -164 - c. Calculate the highest common factor of f and y.
8
Suppose 5*d = 7*d + 32. Let w = 24 - d. Let y(x) = 26*x - 8. Let m be y(8). What is the highest common factor of w and m?
40
Let x = -57 + 57. Suppose x = -5*u - 2*i - 41 - 7, 0 = -4*i + 4. Let j = u + 59. Calculate the highest common factor of 7 and j.
7
Let b = 4549 - 4537. Calculate the greatest common factor of 21288 and b.
12
Let t be (81 - 78)/(6/70). What is the highest common divisor of 20055 and t?
35
Suppose -5*z + 8*z - 50 = r, 5*r - 5 = 0. Let g be ((-6)/(z + 1))/(2/(-12)). What is the highest common divisor of g and 18?
2
Let w(q) = -30*q - 18. Let n be w(-5). Suppose -8 = 4*l + 76. Let j be l/(-2) - 78/(-52). What is the highest common divisor of n and j?
12
Suppose -45 = -2*b - 5*w, 12*w - 165 = -5*b + 7*w. What is the highest common divisor of 5340 and b?
20
Suppose -5*l - 9*v + 17392 = -10*v, -l + 3*v = -3498. Calculate the highest common divisor of 549 and l.
183
Let h = 509 + -465. Suppose 2*m - 3*d - h = 0, 0*d - 2*d - 110 = -5*m. Let n = 139 - 73. What is the highest common factor of n and m?
22
Let h be (-201)/(-18) + -4*130/(-624). Let l = 7 + -4. Let b be (-2)/l - 148/(-6). What is the greatest common factor of h and b?
12
Suppose 4*h - 10 = 4*x - 2, 4*h - 8 = 5*x. Suppose -3*u + 5*o + 172 + 336 = x, -4*u - o + 708 = 0. Calculate the greatest common factor of u and 22.
22
Let j be (528/(-7))/((-330)/2310). Calculate the greatest common factor of 594 and j.
66
Suppose -5*f + 2 = -8. Let z(c) = 150*c - 301*c + 1 + 155*c. Let t be z(f). What is the highest common factor of t and 81?
9
Let p = 26726 - 26226. What is the highest common factor of p and 1125?
125
Suppose -430 = 42*l - 1648. What is the highest common divisor of 26680 and l?
29
Let s(f) = f**3 - 3*f**2 - 8*f - 9. Let j be s(-5). Let o = -133 - j. Ca